lculate the greatest common factor of a and k.
1
Suppose -4*b = -b - 15. Suppose b*d - 440 = d. What is the greatest common factor of 10 and d?
10
Suppose 5 = 3*t - 70. Suppose -3*k + t = 7. Calculate the greatest common factor of k and 9.
3
Let h be (1 + 100/(-28))*-35. Suppose -2*j = -4*t + 2*j + 48, 0 = -t - 2*j + 6. Calculate the highest common factor of t and h.
10
Suppose 0 = -2*b + 4*c + 30, 4*c = -b - b - 2. Suppose b*k - 4*k - 27 = 0. Calculate the highest common divisor of 36 and k.
9
Let g be 1*4*9/2. Suppose -3*j + 3*y = -2*y - 51, 3*y = 3*j - 45. Calculate the greatest common divisor of j and g.
6
Suppose 3*h + 3*v = 24, -v - 32 + 5 = -4*h. Let p = h + -9. Let u be 7 - p/4*0. Calculate the highest common divisor of u and 77.
7
Let i(v) = -v + 1. Let n(u) = -5*u + 11. Let m(x) = -4*i(x) + n(x). Let w be m(9). Let y = w + 11. Calculate the highest common divisor of 6 and y.
3
Suppose 2*y + 3*s - 18 = 0, 0 = -4*y + 5*s - 2*s. Suppose -614 = -4*j + 2*b, -y*j - b - 6 = -469. Calculate the greatest common divisor of 14 and j.
14
Let n be 2 + -2 - (-6 + 0). Let q(i) = 3*i - 8. Let v be q(n). Suppose -r = -4*f - 5*r + 24, 0 = -3*f - 5*r + 10. What is the greatest common factor of f and v?
10
Suppose 3*u = 470 - 134. Let f be 83/(-4) - 1/4. Let c = -5 - f. Calculate the greatest common factor of c and u.
16
Let o(j) = -2*j**3 + 3*j**3 + 0*j**2 - 2*j**2 - 3 + 6*j + 8. Let d be o(5). What is the greatest common divisor of 10 and d?
10
Let v = -6 - 8. Let b = v - -16. Calculate the greatest common factor of 6 and b.
2
Let a be (3 + -2)*(1 + 54). Let u(t) = -1 - 3*t - 3 + t**2 - 1. Let m be u(5). What is the greatest common divisor of m and a?
5
Let x = 4 - 8. Let h be 8 + (x - -3) + -1. Calculate the highest common factor of h and 48.
6
Let j(u) = -13*u - 2. Let x be j(-1). Calculate the highest common factor of x and 44.
11
Suppose 4*c = 4, 3*f + 5*c - 3*c = 32. What is the greatest common factor of f and 80?
10
Let l be 3/(-2*(-9)/(-12)). Let s be ((-105)/2)/(l/4). What is the highest common factor of s and 15?
15
Let m = 39 - 19. What is the greatest common divisor of 20 and m?
20
Let r = 8 + -70. Let x = r + 102. Let n = 32 - 22. What is the highest common factor of x and n?
10
Let z(w) = 17*w**2 + 13*w - 2. Let d be z(3). What is the highest common divisor of 10 and d?
10
Let g(s) = -13*s - 2. Let v be g(-4). Calculate the highest common factor of v and 5.
5
Let s(t) = t**2 + 1. Let o be s(-3). Suppose -90*b + 55 = -79*b. Calculate the highest common divisor of o and b.
5
Let y(m) = 3*m + 7. Suppose -t + 2*t - 2*v + 15 = 0, 2*t - 3*v = -25. Let n be y(t). Let q be (-12)/n + 170/4. Calculate the highest common factor of q and 4.
4
Let w = 48 - 42. What is the highest common divisor of w and 24?
6
Let n = 12 - 7. Calculate the greatest common divisor of n and 2.
1
Let k(w) = w**2 - 3*w + 1. Let y be k(2). Let z be 3*(-1)/(y/21). What is the highest common factor of z and 9?
9
Let j = -7 - -12. Suppose 113 = 2*n + j. Calculate the highest common factor of 6 and n.
6
Suppose 0 = 2*b, 4*t + 3*b = 3 + 13. Suppose 0*f = -2*f - 3*r + 339, t*f - 5*r - 645 = 0. What is the greatest common divisor of 15 and f?
15
Suppose 0*l - 4*l + 8 = 0. Suppose z + 2*j - j + 2 = 0, 3*z = l*j + 14. What is the highest common divisor of 1 and z?
1
Suppose 13*b - 18*b + 125 = 0. What is the highest common factor of b and 100?
25
Let i(w) = -w + 5. Let r be i(3). Let t(g) = 15 + 5*g + g - 3*g + g**3 - r*g. Let x be t(0). Calculate the greatest common factor of x and 135.
15
Let o be (-12*4/(-3))/2. Let u(w) = 72*w**2 + w - 1. Let k be u(1). What is the greatest common factor of k and o?
8
Let a(z) = -2*z - 7. Let i = -13 - -8. Let f be a(i). Suppose f*t - 36 = v - 6*v, 5*v = -4*t + 33. What is the greatest common divisor of 45 and v?
9
Let l(p) = -p + 4. Let v be l(4). Suppose 2*q + 4 = -3*r + 13, -3*q = v. Suppose -i + 1 = -r. What is the highest common divisor of 6 and i?
2
Let a = 83 + -44. Suppose 2*r = -r + 3, 4*y - 17 = -5*r. Suppose -5*t = -2*v - 69, 4*v - y = -3*t + 28. What is the greatest common divisor of a and t?
13
Let f(b) be the second derivative of 0 - 5/6*b**3 + 2*b - 2*b**2. Let q be f(-4). Calculate the highest common factor of q and 40.
8
Let s(r) = -5*r. Let v be s(-3). Suppose -k = -4, 0*n - 4*n - k + 4 = 0. Suppose 0*d + d - 3 = n. What is the highest common factor of d and v?
3
Let q = 327 - 165. What is the greatest common factor of 27 and q?
27
Let b be 4/(-18) - (-249)/27. What is the greatest common divisor of b and 1?
1
Let m(g) = g + 8. Let q be m(6). Suppose 2*y + 4*o + 9 = 5*y, 0 = -3*y + 5*o + 6. Calculate the highest common factor of q and y.
7
Suppose 5*o = y - 0*y + 19, 3*y - 2*o = 8. Let k(d) = -d**3 + 6*d**2 + 4*d + 1. Let v be k(y). Calculate the greatest common factor of 5 and v.
5
Let t(z) be the second derivative of -83*z**3/3 - 2*z**2 - 2*z. Let v be t(-4). Suppose -3*a + v = a. What is the greatest common factor of 15 and a?
15
Let g be 1 - (-1)/(3/(-9)). Let n(y) = -4*y - 3. Let m be n(g). Let w be 7 - ((3 - 1) + 0). What is the highest common factor of w and m?
5
Suppose 0 = 2*c - 0*x + 4*x - 28, -c + 8 = -4*x. Let b(g) = -g**3 + 11*g**2 - 8*g - 14. Let o be b(10). What is the highest common factor of c and o?
6
Let v = 26 + -12. What is the greatest common divisor of 126 and v?
14
Let i be (-2)/6 - (-16)/12. Suppose 3*v - k - 37 = -3, 2*v - i = 5*k. What is the highest common divisor of 91 and v?
13
Let n(x) = x**2 + 4 + 5 - 4. Let u be ((5 - 3) + -3)*0. Let a be n(u). Calculate the highest common divisor of a and 5.
5
Let q = 6 - 5. Suppose 4*a - q = 23. Let o(y) = y**2 + 3*y - 6. Let t be o(-6). What is the highest common factor of t and a?
6
Suppose -891 = -5*w - 171. Let q be (-4)/(-10) - w/(-15). Let z be 2/8 - 7/(-4). What is the highest common factor of q and z?
2
Suppose -l - 3*l + 128 = 0. Suppose -4*t = -2*z - 6, z + 3 = -t + 9. Let r be z/2*(-128)/(-48). Calculate the highest common factor of l and r.
4
Let c be (-22)/5 + (-12)/(-30). Let g be (2 - -9) + 12/c. Suppose 2*p - 4*p + 24 = 0. What is the greatest common factor of p and g?
4
Suppose 0 = -3*o + 7*o - 144. Suppose -9 = -5*n + o. Suppose 4*w - w - 7 = -2*i, 0 = -w + 5*i - n. Calculate the greatest common factor of w and 4.
1
Suppose f + 2*u = -2, -2*f + 2*u + 33 = 7. Calculate the greatest common divisor of 56 and f.
8
Let v be (-3)/(42/40)*(-28)/8. What is the greatest common factor of 30 and v?
10
Suppose 0 = s - 23 - 92. Suppose 0*f + s = 5*f. Suppose -5*u = -5*r + 50, 4*r - 19 - f = 3*u. Calculate the greatest common factor of r and 30.
6
Let q = 10 + -6. Let c(f) = 16*f**2. Let k(s) = s**3 - s**2 - s. Let r be k(-1). Let x be c(r). Calculate the greatest common divisor of q and x.
4
Let s = -3 + 3. Let b be 0 - 0 - (7 - s). Let v(a) = -a**3 - 7*a**2 - a + 4. Let q be v(b). Calculate the greatest common factor of q and 77.
11
Suppose 0 = -n + k + 51, 5*n + 4*k = -43 + 307. Let d = -4 - -7. Suppose h - 40 = 5*u, 4*h + 7 = -d*u + n. Calculate the highest common factor of h and 10.
5
Let x(r) = -r**2 + r. Let b be x(1). Suppose -2*y - 294 = -3*c, 3*c + b*y - 303 = -y. What is the greatest common divisor of c and 40?
20
Let a(o) = o**2 + 5*o + 10. Let i be a(6). Suppose -3*t + i = 13. Calculate the highest common factor of 105 and t.
21
Suppose d - 2*m + 7 = -4*m, 4*d + m = 0. What is the greatest common divisor of 2 and d?
1
Let v(m) be the third derivative of 0*m - 1/6*m**3 + 19/60*m**5 + 0 + m**2 - 1/12*m**4. Let h be v(-1). What is the greatest common divisor of h and 8?
4
Let m(v) = 7*v**2 + v - 2. Let t be m(2). Let s = 153 - 107. Suppose -5*z = -3*h + s, -2*h - z = -0*z - 9. Calculate the highest common factor of h and t.
7
Let x = -157 + 227. Let u(h) = -3*h + 5. Let f be u(-3). Calculate the greatest common divisor of f and x.
14
Let f = 33 + -73. Let h = -27 - f. What is the highest common divisor of h and 39?
13
Let u be 1 + -2 + 324 + 1. Let r = u - 226. Let j be (15 - -1) + 1 + -3. What is the greatest common factor of j and r?
14
Let q(d) = -d**3 - 17*d**2 - 16*d + 4. Let p be q(-16). What is the highest common divisor of 8 and p?
4
Let b = 43 + -42. Calculate the highest common divisor of b and 1.
1
Suppose 0 = 2*f - 4*c - 160, 0*f